 7 a factor of 13853168?
True
Does 227 divide 8029797242?
False
Is 1444 a factor of 539198264?
True
Is 1469 a factor of 18234998?
False
Is 23 a factor of 2870557?
False
Is 3 a factor of 4053405?
True
Is 35790220 a multiple of 7?
False
Does 21 divide 1021835367?
True
Is 3895 a factor of 50306523?
False
Is 17 a factor of 53749189?
True
Does 1846 divide 13818465?
False
Is 70606756 a multiple of 16?
False
Is 156 a factor of 4753171?
False
Is 12860210 a multiple of 11?
True
Does 192 divide 1304304192?
True
Is 2 a factor of 33339556?
True
Is 184269952 a multiple of 32?
True
Is 248083374 a multiple of 53?
False
Does 178 divide 522340969?
False
Is 6410063 a multiple of 233?
True
Does 211 divide 652776095?
False
Is 1329 a factor of 14777151?
True
Is 2355 a factor of 7164150?
False
Does 15 divide 3706531242?
False
Does 1555 divide 22405995?
True
Is 176129921 a multiple of 60?
False
Is 8 a factor of 104620305?
False
Is 4 a factor of 27283896?
True
Does 57 divide 4653699906?
True
Does 20 divide 78649446?
False
Is 265565540 a multiple of 449?
True
Does 6 divide 82875762?
True
Does 2 divide 13925051?
False
Does 22 divide 15564000?
False
Is 1154 a factor of 24324012?
True
Does 1583 divide 2904819247?
True
Is 1945 a factor of 43385170?
True
Does 450 divide 385771500?
True
Is 1891 a factor of 17346143?
True
Is 176655831 a multiple of 427?
False
Is 1884067523 a multiple of 13?
True
Is 146 a factor of 41981424?
True
Is 33435374 a multiple of 1891?
False
Does 950 divide 1249727850?
True
Is 308310813 a multiple of 9?
True
Does 25 divide 41855384?
False
Does 28 divide 17478860?
True
Does 162 divide 1370885664?
False
Is 564667569 a multiple of 107?
True
Is 90 a factor of 177361650?
True
Does 128 divide 1204608?
True
Does 25 divide 59275960?
False
Is 14473914 a multiple of 686?
True
Is 275 a factor of 83974000?
True
Is 81248662 a multiple of 367?
True
Is 2356760 a multiple of 38?
True
Does 6 divide 41661638?
False
Is 432 a factor of 165570048?
True
Is 751724878 a multiple of 805?
False
Does 39 divide 48611979?
True
Is 146 a factor of 328133102?
True
Does 76 divide 29025844?
True
Does 40 divide 533038222?
False
Is 128499714 a multiple of 308?
False
Is 8372133 a multiple of 11?
True
Is 12 a factor of 120806796?
True
Does 5718 divide 6379635498?
True
Does 218 divide 1344624?
True
Does 2116 divide 1134500588?
False
Is 12 a factor of 1417407888?
True
Is 1158 a factor of 4252176?
True
Is 3245921 a multiple of 161?
True
Is 12104 a factor of 3282828666?
False
Is 66 a factor of 30683598?
True
Is 263 a factor of 1626864348?
True
Is 205030851 a multiple of 2244?
False
Is 16 a factor of 14611136?
True
Does 204 divide 43796351?
False
Does 31 divide 66717549?
True
Does 5 divide 961805?
True
Is 39 a factor of 1122715074?
True
Is 2020 a factor of 157932028?
False
Does 82 divide 27934865?
False
Is 14146291 a multiple of 69?
False
Is 3 a factor of 9151758?
True
Is 10 a factor of 322819470?
True
Is 68 a factor of 97281208?
True
Is 529770780 a multiple of 54?
True
Is 1729722502 a multiple of 2641?
False
Is 1256 a factor of 129182016?
False
Does 8 divide 9979584?
True
Does 11 divide 14201527?
False
Is 40965198 a multiple of 186?
True
Is 1007988698 a multiple of 7421?
False
Is 12 a factor of 995352?
True
Is 22 a factor of 598800796?
True
Does 3 divide 37141084?
False
Does 154 divide 340702185?
False
Does 566 divide 7113709?
False
Is 79114875 a multiple of 105?
True
Does 481 divide 105354821?
False
Is 27 a factor of 8110233?
True
Is 25392532 a multiple of 20?
False
Is 10490 a factor of 366120738?
False
Is 222 a factor of 18418008?
True
Does 15939 divide 1689008013?
True
Is 216 a factor of 191645595?
False
Is 13 a factor of 2399121218?
True
Is 1019 a factor of 67273758?
False
Is 21 a factor of 153263796?
True
Does 47 divide 2259119343?
True
Does 67 divide 34476200?
False
Is 13659901 a multiple of 785?
False
Does 88 divide 248396192?
True
Does 67 divide 195445598?
False
Is 17 a factor of 19435119?
False
Is 2049576035 a multiple of 169?
False
Does 253 divide 2310898576?
False
Is 1842826775 a multiple of 5185?
True
Is 37429878 a multiple of 69?
True
Is 1473 a factor of 123497793?
True
Is 94616975 a multiple of 5?
True
Is 1870574287 a multiple of 1377?
False
Is 1264 a factor of 6615615?
False
Does 5 divide 4397120?
True
Is 694355517 a multiple of 85?
False
Does 96 divide 150754463?
False
Is 31505368 a multiple of 29?
True
Is 122565300 a multiple of 132?
True
Is 434874066 a multiple of 3973?
False
Is 95401546 a multiple of 26?
False
Is 7827884 a multiple of 907?
False
Is 13 a factor of 7224637?
False
Is 34358280 a multiple of 330?
True
Does 2 divide 13610221?
False
Does 118 divide 534168654?
True
Is 1973740039 a multiple of 1891?
False
Is 131865830 a multiple of 259?
False
Is 5162 a factor of 376264204?
False
Is 101 a factor of 19626017?
True
Does 41 divide 82773916?
True
Is 5790 a factor of 3097904760?
True
Is 902 a factor of 275166981?
False
Does 157 divide 117103997?
False
Is 103087621 a multiple of 4927?
True
Is 86 a factor of 222323342?
False
Is 343 a factor of 180522615?
True
Is 551239886 a multiple of 26?
False
Is 3 a factor of 8147894?
False
Does 22 divide 1246306571?
False
Is 7 a factor of 1259004?
False
Is 1106 a factor of 2555101778?
False
Is 783 a factor of 2167344?
True
Does 1568 divide 4248249824?
True
Is 100365096 a multiple of 39?
True
Is 10 a factor of 252088546?
False
Is 2074 a factor of 141573314?
True
Does 198 divide 10666548?
False
Is 178838088 a multiple of 78?
True
Is 189 a factor of 167721935?
False
Is 36672542 a multiple of 4?
False
Is 23 a factor of 621460?
True
Is 355556277 a multiple of 9?
True
Does 93 divide 5138715?
True
Is 829478559 a multiple of 273?
True
Is 6784380 a multiple of 12?
True
Is 617559124 a multiple of 7?
True
Is 1371206408 a multiple of 44?
True
Is 76877076 a multiple of 70?
False
Is 10290 a factor of 2560388670?
True
Does 959 divide 830714570?
True
Is 580186264 a multiple of 56?
True
Is 13 a factor of 1357971121?
True
Is 20 a factor of 16993900?
True
Is 1082 a factor of 12971076?
False
Does 1691 divide 35944642?
False
Is 5602 a factor of 212371029?
False
Is 7290822 a multiple of 86?
True
Is 46 a factor of 359535080?
True
Is 40 a factor of 52651469?
False
Does 6631 divide 364559652?
False
Is 22 a factor of 1018661028?
True
Does 1185 divide 782500530?
True
Is 81430283 a multiple of 10?
False
Is 26 a factor of 35017788?
True
Is 11 a factor of 355729?
True
Is 107 a factor of 12276107?
False
Is 619030751 a multiple of 60?
False
Is 550792588 a multiple of 4?
True
Is 17 a factor of 16757716?
True
Does 499 divide 2609311918?
True
Is 16 a factor of 441954288?
True
Is 2628 a factor of 431603494?
False
Is 66857505 a multiple of 1317?
True
Is 1502077200 a multiple of 292?
True
Is 67 a factor of 632547?
True
Does 2551 divide 450833128?
True
Is 128 a factor of 341464?
False
Is 18 a factor of 12680210?
False
Is 69088362 a multiple of 4542?
True
Is 756 a factor of 2911720757?
False
Is 67 a factor of 482151188?
False
Is 873 a factor of 397350420?
False
Does 682 divide 13030269?
False
Is 1382959 a multiple of 338?
False
Is 1263 a factor of 351898466?
False
Does 3187 divide 1337418176?
True
Does 4 divide 34714928?
True
Is 3652545670 a multiple of 79?
False
Does 282 divide 1307634?
True
Is 3085253 a multiple of 3?
False
Is 31 a factor of 88649702?
False
Is 150 a factor of 47556151?
False
Is 42703509 a multiple of 113?
False
Is 52031790 a multiple of 7?
False
Is 7864787 a multiple of 4?
False
Is 36677783 a multiple of 647?
True
Is 111053673 a multiple of 459?
True
Does 12 divide 162360621?
False
Is 634 a factor of 972609890?
True
Is 25475544 a multiple of 1576?
False
Does 1685 divide 1476838470?
True
Is 85762105 a multiple of 767?
True
Is 956435240 a multiple of 40?
True
Is 22096944 a multiple of 18?
True
Is 430 a factor of 340204626?
False
Is 485 a factor of 253802925?
True
Is 623325940 a multiple of 1629?
False
Is 12647 a factor of 895687265?
False
Does 110 divide 557974340?
True
Is 2088 a factor of 2081673360?
True
Is 11 a factor of 740717736?
True
Is 842 a factor of 5346185610?
False
Does 1012 divide 1110087088?
True
Is 87644358 a multiple of 81?
False
Is 899765201 a multiple of 16?
False
Is 5 a factor of 215371910?
True
Is 86 a factor of 2722491164?
True
Does 